
True
Let c = 980035 - 370872. Is c a composite number?
False
Let l(d) = -5*d - 53. Let u be l(-11). Suppose 521 = u*h - 1529. Let m = 1794 + h. Is m composite?
False
Let w(t) = -34*t**3 + 7*t**2 - 4*t + 3. Let n(j) = 17*j**3 - 4*j**2 + 2*j - 2. Let q(s) = -7*n(s) - 4*w(s). Is q(3) a prime number?
True
Suppose 4*l - 3*m - 507 = 0, 11*l = 13*l + 4*m - 226. Suppose 114*y + 99513 = l*y. Is y a prime number?
True
Suppose 0 = 3*r + 109 - 27712. Let f = 14498 - r. Is f composite?
False
Let m(g) = -11*g**3 + 5*g**2 - g - 11. Suppose -4*s = k + 35, -15 = s + 2*s. Let p be 1/(3/k) - 1*-2. Is m(p) a composite number?
True
Let p be (126/(-24) + 1/4)/(-1). Suppose -p*m - 20 = 0, 6*s - 4*s - 18078 = -m. Is s prime?
True
Let g(v) = 17*v**3 - 7*v - 11 + 11*v**3 - 27*v**3 + 24*v**2. Is g(-22) prime?
False
Let s(c) = -2677*c**2 - 4*c + 9. Let j be s(-4). Let o = 72436 + j. Is o a composite number?
False
Let t(l) = -541*l - 25. Let q be t(-8). Let u = -2862 + q. Is u a composite number?
True
Suppose 4*r + r = -4*o + 102, 4*r - 63 = 3*o. Suppose -97466 = -r*x + 103540. Is x a prime number?
False
Is (3 - -2) + (-1343670)/(-45)*6 prime?
True
Suppose 108*u + 1563300 = 2*r + 107*u, -3*r = -2*u - 2344951. Is r a composite number?
True
